 divisor of r and w?
18
Suppose 0 = 28*p - 33*p + 60. What is the greatest common divisor of 156 and p?
12
Suppose 0 = 4*u - 34 - 10. Let i = 49 + u. Calculate the highest common factor of i and 6.
6
Let p(i) = i**3 - 17*i**2 + 55*i - 8. Let x be p(13). Calculate the greatest common factor of x and 2449.
31
Suppose -2*l + 198 + 604 = -4*t, 5*t - 1214 = -3*l. Calculate the highest common divisor of l and 31.
31
Let f be 1*30/(-3)*-1. Calculate the highest common divisor of 35 and f.
5
Let z = -223 - -327. Let q = -3 - 0. Let n be (-1)/(z/36 + q). Calculate the highest common factor of n and 9.
9
Let u = -197 - -296. Let k(a) = 2*a - 2. Let o be k(3). Suppose -i - m = -9, -i + o = 3*m - 5. What is the greatest common factor of u and i?
9
Suppose -5*x + 2*h + 20 - 2 = 0, -2 = -5*x - 2*h. Suppose x*k = -2*k + 56. Let u = -6 + k. What is the greatest common divisor of u and 8?
8
Suppose 3*f - 11 = -5*j, 16 = 4*f - 5*j - 57. What is the highest common divisor of f and 156?
12
Let p(i) = 4 - 6*i + 6*i + 4*i. Let a be p(3). Let f be (a/(-3))/(12/(-90)). What is the highest common factor of 60 and f?
20
Suppose -4*u = 7*z - 6*z - 7002, u - 1746 = 2*z. Calculate the greatest common divisor of u and 70.
70
Let t be (-4)/(-8)*16*1. Let d(u) be the first derivative of u**3 - 3*u**2 + 11. Let x be d(t). Calculate the highest common divisor of x and 18.
18
Suppose -2*p = -5*o - 38, -17 = 2*o + p - 0*p. Let g(r) = -r - 1. Let s be g(o). Calculate the greatest common factor of 1 and s.
1
Let i be 9082/57 + (-1)/3. Suppose r + i = 4*h + 8, -r - 3 = 0. Calculate the highest common divisor of 333 and h.
37
Suppose -14*y + 8*y = -516. Let g = -72 + y. Calculate the greatest common divisor of g and 14.
14
Suppose 5*j - 20 = 80. Let v = -371 + 531. Calculate the greatest common factor of j and v.
20
Let l(n) = n**2 + 3*n + 4. Let x be l(-6). Let k = x - -26. Suppose 9*y - 4*y = -2*o + 32, -3*o + y + k = 0. Calculate the highest common factor of 80 and o.
16
Suppose -g + 557 = 3*j, -g + j - 17 + 578 = 0. Calculate the greatest common factor of 48 and g.
16
Let b(s) = s**2 + s - 3. Suppose 5*d = d. Suppose -t - 3 = -d*t. Let i be b(t). Calculate the greatest common factor of i and 6.
3
Let n(h) = -11*h - 465. Let z be n(-49). Calculate the greatest common divisor of 518 and z.
74
Let j = -9 + 13. Suppose -4*a = -4*l + 112, 3*l + l + 4*a - 80 = 0. Suppose -c - l = -j*c. What is the greatest common divisor of c and 56?
8
Let y be (-4)/(0 + 4) - -33. What is the greatest common factor of y and 288?
32
Let b = 497 - 250. Calculate the highest common factor of 152 and b.
19
Let n be (21/(-2))/((-17)/(-34)). Let r = 21 + n. Suppose 3*p + 3 = r, -2*f + 3*p + 4 + 143 = 0. What is the greatest common factor of f and 9?
9
Suppose -12*a + 3282 = -366. Calculate the greatest common divisor of 32 and a.
16
Let l(q) = -q**2 + 13*q. Let i be l(7). Calculate the highest common factor of i and 672.
42
Let d = -5 + 28. Suppose 3*f - 5*x - 31 = 370, -f + 3*x = -139. Let s = f + -81. Calculate the greatest common divisor of d and s.
23
Let o(b) = 21*b**2 + 11*b - 12. Let f be o(1). Let y = 466 + -286. What is the highest common divisor of f and y?
20
Suppose 5*w - 2*p - 61 = 0, -4*w = 2*p - 49 + 11. Let z = 213 + -135. Suppose h - 45 = -4*f, 2*h = -f - 3*f + z. Calculate the highest common factor of w and h.
11
Let z(c) = 2*c + 2. Let m be z(4). Suppose -m*n = -8*n - 10. Suppose n*v + 5*t - 445 = 55, 2*v - 202 = -3*t. Calculate the greatest common divisor of 14 and v.
14
Suppose -5*z + 342 = -3*k, 251 + 95 = 5*z - 4*k. Suppose -3*p + 0*r = -3*r - z, -56 = -2*p - r. Calculate the greatest common factor of p and 26.
26
Let q(x) = x**2 + 3*x + 35. Let t be q(-14). Calculate the highest common factor of 27 and t.
27
Let w(x) = -x**3 - 21*x**2 - 19*x + 25. Let u be w(-21). What is the highest common divisor of u and 53?
53
Suppose 5*o = -5*f + 680, -8 = 5*o + 12. Suppose -s - k - 4*k + 14 = 0, -3*s - 22 = -k. Let r be 4/((s/21)/(-2)). What is the greatest common factor of r and f?
28
Suppose 2*m = 3*m + 110. Let u be ((-4)/(-10))/((-4)/m). What is the greatest common factor of u and 44?
11
Suppose 0*c = -2*c + 2*b + 48, -5*c = -2*b - 123. Suppose -14*x = -6*x - 2200. Calculate the greatest common divisor of x and c.
25
Let f be 78 - (-5 - (2 - 4)). Calculate the greatest common factor of 27 and f.
27
Let r be 154/(-385)*-1*30. Calculate the greatest common divisor of r and 258.
6
Suppose -2*x - s + 91 = -2*s, 23 = x - 5*s. Let r = x + -31. Let k = -10 + r. Calculate the highest common divisor of k and 14.
7
Let t(w) = -5*w**3 + 9*w + 7. Let g be t(-3). Calculate the highest common factor of g and 69.
23
Let v(m) = -m**2 + 26*m + 38. Let h be v(22). Calculate the greatest common divisor of h and 72.
18
Suppose 5*y + 2*t + 2 = -2*t, -15 = -3*y + 3*t. Suppose 14528 = y*x - 646. Let f be (-6)/10 - x/(-45). Calculate the highest common factor of f and 21.
21
Let d = 29 + -27. Let a be ((-7)/(-28))/(d/16). What is the highest common factor of 8 and a?
2
Let t be (1/1)/(1/252). What is the greatest common factor of t and 28?
28
Let s = -302 + 582. Let k(v) = -6*v - 4. Let y be k(-4). Calculate the greatest common divisor of y and s.
20
Let y(s) = s**3 - 7*s**2 + 3*s + 3. Let c be y(3). Let q be -1*4*(-195)/30. Let j = c + q. What is the greatest common factor of 18 and j?
2
Let t(s) = 2*s**2 - 27*s + 1. Let l be t(16). What is the highest common factor of 216 and l?
27
Let z be (9*46/15)/(2/5). Suppose 2*q - o - 43 = 0, -2*q - 20 = -3*q + o. Calculate the greatest common factor of z and q.
23
Suppose -4*u = -7*u + 129. Let i = u - 29. Calculate the greatest common factor of 21 and i.
7
Let h(n) = n**2 + n - 9. Let w be h(6). Suppose 2*s - 4*m - 63 = 49, -91 = -s - 5*m. What is the greatest common divisor of w and s?
33
Let k(v) = -v**3 + 6*v**2 + v - 10. Let b be k(5). Let t(l) = -4*l - 7. Let f be t(-3). Calculate the highest common factor of b and f.
5
Let o(g) = -g**2 - 17*g + 22. Let t be o(-19). Let b be (1 + -3)*(-41 - t). What is the greatest common divisor of 10 and b?
10
Let c = 668 + -596. Let t = -15 - -23. What is the greatest common divisor of t and c?
8
Let g(i) = -i**2 + 13*i - 15. Suppose -30 = -3*q - 0*q. Let k be g(q). Let r be (-1)/(k/6 - 3). What is the greatest common divisor of r and 10?
2
Let k = -158 - -272. Let d be 1/(3/9) - -36. Let q = k - d. Calculate the greatest common divisor of 15 and q.
15
Let b = 5 - -5. Let t(v) = 6*v**3 - 3*v**2 - 16*v + 31. Let w be t(2). Calculate the greatest common factor of b and w.
5
Suppose u + u - 4 = 0. Suppose j = -u*b + 22, -4*j + 2*b - 20 = -78. What is the greatest common divisor of j and 96?
16
Let l = 4 - 0. Suppose 2*q - 5*t + 6 = 0, 3*q + q - l = 2*t. Suppose -q*b - 22 = -2*d, -2*b + 42 = d + d. Calculate the highest common factor of d and 176.
16
Let r(g) = -12*g - 6*g - 30 + 17*g - 3*g. Let n be r(-14). Calculate the highest common factor of n and 104.
26
Suppose 12*g - 324 = 8*g. What is the greatest common divisor of g and 36?
9
Suppose -5 + 2 = -3*a. Let t be ((-8)/6 - -2)*(a + 11). What is the greatest common divisor of 16 and t?
8
Suppose v + 272 = 2*j - 4*v, 3*v - 136 = -j. Calculate the highest common divisor of 17 and j.
17
Let a(j) = -j**2 + 5*j + 6. Let t be a(6). Suppose y = -276 + 291. Suppose 17*i - y*i - 288 = t. What is the greatest common divisor of i and 16?
16
Suppose 4*h - 3*h = 2. Let d(x) = x**2 - x. Let n be d(h). Suppose 0 = -n*q - i + 7, -3*q + 11 = -0*q + 2*i. What is the highest common divisor of 21 and q?
3
Let j be (-4)/18 + 2398/99. Let g = 80 - 44. What is the greatest common divisor of g and j?
12
Suppose -2*m - 3*c - 2 = 0, -4*m - 3 = -2*c - 15. What is the highest common divisor of m and 67?
1
Suppose 5*k + 4*q - 34 = 0, -5*q + 4 - 5 = -k. Calculate the greatest common divisor of 366 and k.
6
Let t(y) = y**3 + 8*y**2 - 11*y - 8. Let i be t(-9). Let f be i/(-10) - (-118)/2. Suppose c + c - f = 0. What is the highest common factor of 29 and c?
29
Suppose -2*s - 2*s + 52 = 0. Suppose -11*i + 10*i = -s. What is the highest common divisor of 65 and i?
13
Suppose 15*p = 12*p, -3*g + 4*p + 54 = 0. Let i(f) = -55*f - 3. Let s be i(-3). What is the greatest common divisor of s and g?
18
Let p be ((-